 - 3 - 17. What is the units digit of j?
5
Let w = 19 + -16. What is the units digit of w?
3
Let v = 26 - 18. Let w = -3 + v. What is the units digit of w?
5
Suppose -5*y - 79 = -6*y. What is the tens digit of y?
7
Let x(c) = -c**2 - c + 7. Let u be x(-5). What is the units digit of (u/(-3))/(7/21)?
3
Suppose -j + 5*p = -7 - 13, 5*j + 2*p = 73. Let w = j - 9. What is the units digit of w?
6
Let k be ((-5)/2)/((-1)/(-2)). Let w = -29 - k. Let u = -10 - w. What is the tens digit of u?
1
Suppose 0 = g - 2. Suppose -2*h + 8 = 0, -g*x + 4*x = -4*h + 16. Suppose 2*t = 2 - x. What is the units digit of t?
1
Let x be 4 - (-2 + 2 + 1). Suppose v + x*v = 60. What is the units digit of 18/5 + 6/v?
4
Suppose 0 = -4*t - 8, -3*i + 2*i + 15 = -5*t. Let f(o) = o**2 - 3*o - 5. What is the units digit of f(i)?
5
Let c = -5 + 9. Suppose -c*z + z = -12. What is the units digit of z?
4
Let b be ((2/(-1))/2)/1. Suppose r - 2 = -3. What is the units digit of (3 - 0)/(b/r)?
3
Suppose 3*z = z + 4. What is the units digit of z?
2
Let c be (4/(-8))/(1/(-6)). What is the tens digit of (36/(-8))/(c/(-12))?
1
Let n(i) = i + 2. Let g be n(0). Let a be (1 - 41/2)*g. Let p = 61 + a. What is the units digit of p?
2
Let l = -20 - -56. What is the tens digit of l?
3
Suppose -z + 5 = -0. Let d(q) = 4*q + 7. What is the units digit of d(z)?
7
Suppose -16 - 24 = 5*d. Let g = -4 - d. What is the units digit of g?
4
Let n be (-6)/(-33) + 5820/(-66). Let b = -51 - n. What is the units digit of b?
7
Let p = 428 - 232. What is the units digit of p?
6
Let v = 57 + -21. What is the tens digit of v?
3
What is the tens digit of 365 - 13/((-65)/30)?
7
Let p = -9 - -10. Suppose 3*l = -6, 6*q - 5*q = -3*l + p. What is the units digit of q?
7
Let r be (-48)/36*9/(-2). Suppose -4*a + m - r*m + 40 = 0, 4*m = 5*a - 91. What is the units digit of a?
5
Suppose -25 = -7*v + 262. What is the units digit of v?
1
Let i(c) = -c**3 - c**2 + c + 26. Let k be i(0). Let d be (29 - 11)/(1 + 0). Suppose -j + z + d = 0, 4*z = -3*j + 49 + k. What is the units digit of j?
1
Let u(l) = 2*l**2 + 6*l - 6. What is the units digit of u(-5)?
4
Let w(p) = p**3 - 15*p**2 - 14*p - 13. Let s be w(16). Let n = s + 17. What is the tens digit of n?
3
Let c be (-1)/(3/(25*3)). What is the units digit of (32/(-10))/(10/c)?
8
Let p(z) = -z**2 - 3*z + 6. Let s be p(-6). Let o be 2 + 1 - s/4. What is the tens digit of -3*4*(-8)/o?
1
Let c(i) = -i**2 + 3*i + 6. Let l be c(5). Let h(b) = -b**3 + 7*b**2 - 4*b - 3. Let f be h(6). What is the units digit of f*1 - (-4 - l)?
9
Suppose -3*r = -0*r - 33. Let z = 40 + -29. Suppose r = l - z. What is the tens digit of l?
2
Let l be 2/4*26 + -3. Let j be (-15)/6*(-8)/l. What is the units digit of (9/2)/(1/j)?
9
Let j be -1 + 4 + -28 + 10. Let w = 19 + j. What is the units digit of w?
4
Let b = 2 - -2. Suppose -f = q - 9, -b*q + 17 = f - 4. What is the units digit of f?
5
Let j = 77 - 38. What is the units digit of j?
9
Let b = -16 + 47. What is the units digit of b?
1
Let k(z) be the second derivative of -z**4/12 + z**3/6 + 5*z**2/2 - 4*z. Suppose -d = -5*d. What is the units digit of k(d)?
5
Let h(b) = 3*b**2 + 4*b + 0*b + b - 14. Let k(c) = c**2 + 2*c - 5. Let r(q) = -3*h(q) + 8*k(q). What is the units digit of r(0)?
2
Suppose g - 5*g = -16. Let o = 51 - g. What is the units digit of o?
7
Suppose -4*p - 82 = -j, 7*p - 3*p - 408 = -4*j. What is the units digit of j?
8
Let q = -19 + -15. What is the units digit of -2 - (q - (-1 - 0))?
1
Let m(t) = -t + t + 2*t - 9. Let n be m(7). Suppose 48 - 18 = n*c. What is the units digit of c?
6
Let d(o) = 7*o**2 + 29. Let c(w) = -11*w**2 - 44. Let n(q) = -5*c(q) - 8*d(q). Let g be n(0). Let k = -5 - g. What is the units digit of k?
7
What is the units digit of 1368/28 - 1/(-7)?
9
Suppose -3*a = -4*m - 13 + 60, -5*a + 17 = 2*m. Suppose n + m = 2*r, 0 = -3*n + 1 - 10. What is the units digit of r?
4
Let m(s) = 4*s**2 - 1 - s + 3 + 0. Let w be m(-2). Suppose w = 2*d - 0*d. What is the units digit of d?
0
Let j(s) = s**2 + 7*s - 1. What is the tens digit of j(3)?
2
Let g(u) = 2*u**2 + 6*u + 7. What is the units digit of g(5)?
7
Suppose 0 = 2*s - 3*s + 5. Suppose 0 = -2*t + s*t + 18. Let p = t - -8. What is the units digit of p?
2
What is the tens digit of 3 + (16/4 - -32)?
3
Suppose 5*a - 3*b - 527 = b, a - 4*b - 115 = 0. What is the hundreds digit of a?
1
Suppose 5*f - 23 = a, 0 = -3*a + 2*f - 58 + 15. Suppose -5*m = -2*d + 9, 3*m + 48 = -4*d + 1. Let g = d - a. What is the units digit of g?
5
Let z = 1 + -21. What is the units digit of ((-18)/(-5))/((-8)/z)?
9
Let f = 9 - 6. Suppose -f*o = 4 - 79. What is the units digit of o?
5
Suppose 92 = -2*k - s - 2*s, -3*s = -k - 64. Let f = k - -98. Suppose -4*j + f = -2*u, -5*u - 2 = -2*j + 1. What is the tens digit of j?
1
Let o(c) = -9*c - 21. What is the tens digit of o(-13)?
9
What is the units digit of 17 + -1 + (-4)/1?
2
Let u = 3 - 7. What is the tens digit of (-1)/((4/35)/u)?
3
Suppose 2*c + 15 = -3*c. Let u = c - -13. Suppose 5*o + u = b, -5*b - 3*o + 41 = -9. What is the units digit of b?
0
Let a = -2 + 21. Let d = 7 + a. What is the tens digit of d?
2
Let w be (-3)/((-6)/4)*103. Suppose 2*i - 137 + 0 = -3*x, 2*i = 4*x - w. Suppose -4*u - 3*n = -0*u - 42, -5*u = 2*n - x. What is the units digit of u?
9
Let x(s) = -s**3 - 8*s**2 + 10*s + 10. Let t be x(-9). What is the units digit of 49 - (3/t + -3)?
9
Suppose 42 = -4*z + 1722. What is the tens digit of z?
2
Let n(d) = -d**2 + 7*d + 2. Let j be n(7). Suppose 5*c - 3 = j. What is the units digit of c?
1
Suppose -3*t + 8*t + 12 = -k, 70 = 5*k - t. What is the tens digit of k?
1
Let m = 30 + -47. Let n = -15 + 10. Let a = n - m. What is the units digit of a?
2
Let l = -3 - 4. Let h(z) = z**2 + 6*z - 5. What is the units digit of h(l)?
2
Suppose z - 6 = 9. What is the units digit of 8/20 - (-84)/z?
6
Let w = 6 - 15. Let s = 21 - w. What is the tens digit of s?
3
Suppose 2*f - f - 3 = 0. Suppose -51 = -0*b - f*b. What is the units digit of b?
7
Let s be -1 + 3 - 65*-1. Let t = s + -48. What is the units digit of t?
9
Suppose 0 = -2*b - 0*b + 4. Suppose 0 = -b*z + 3*z - 5. What is the units digit of z?
5
Let o be -3 + 0 - -1*1. Let d be (6/(-4))/(33/(-44)). What is the units digit of (-1)/(o/(4 - d))?
1
Suppose u = 2*u - 28. What is the units digit of u?
8
Let v = 5 + 13. Let z(p) = -p**2 - 6*p + 5. Let l be z(-8). Let h = l + v. What is the units digit of h?
7
Let p = 12 - 8. Suppose -4*v - p*a = -5*v + 5, a = -3*v + 15. What is the units digit of v?
5
What is the tens digit of -3 + (0 + 4 - -79)?
8
Let r = 4 - -1. Suppose 2*t = -r*f + 23, 0 = -4*f - f - 4*t + 31. What is the units digit of f?
3
Let f be 1 + ((-6)/2)/(-3). Let i be (12/(-10))/((-1)/10). Suppose i = f*o - 6. What is the units digit of o?
9
Suppose 2*q = -3*i - 0*q - 34, -2*i + 9 = -5*q. Let h = 9 + i. What is the units digit of h?
1
Let b be (-4)/10 + (-558)/30. Let l = 7 - b. What is the units digit of l?
6
Let v(f) = f**3 - 6*f**2 + 2*f - 5. Suppose 3*x - 3 = 2*x. Suppose 0 = -y - x*y + 24. What is the units digit of v(y)?
7
Suppose -r + 0*r = -59. What is the units digit of r?
9
Let g(j) = 5*j**2 + 5. Let m(z) = 14*z**2 + z + 14. Let p(w) = -17*g(w) + 6*m(w). Let r be p(6). What is the units digit of -3 + (-1)/r - -10?
8
Let h = 4 + -1. Suppose -h*t - o + 129 = o, 0 = -4*o. Suppose 4*w + 5*v = t, 0 = 5*w + 5*v - 48 - 2. What is the units digit of w?
7
Let s be (-5)/10*(-7 + -1). Suppose 0 = -4*n - s*u + 12, 3*n + 2*u + 9 = 20. What is the units digit of n?
5
Let j(f) = 33*f**2 + f + 2. What is the tens digit of j(-1)?
3
Suppose -4*t - 2*a + 50 = 0, t + 5*a + 25 = 6*t. Suppose 2*y - t = 0, 2 + 0 = 2*f - 2*y. What is the units digit of f?
6
Let q(w) = -10*w - 5. What is the units digit of q(-25)?
5
Let g(j) = j**2 + 5*j + 4. Suppose -6*r + 12 = -r + 2*h, -4*r + 2*h = -6. Suppose 0 = 3*f + 3*y + 24, -f + 2*y = -0*y + r. What is the units digit of g(f)?
0
Let x(h) = -h + 21. What is the tens digit of x(7)?
1
Let z(h) be the second derivative of h**4/12 + h**3/2 - h**2/2 + h. Let p be z(-4). What is the units digit of 9 - (0/1)/p?
9
Suppose n - 6*n = -60. Let h = -4 - -3. Let y = h + n. What is the units digit of y?
1
Suppose 6*g + 15 = 3*g. Let m = 5 + g. Suppose -6*n + 2*n + 16 = m. What i